{"id":57,"date":"2024-06-17T18:31:01","date_gmt":"2024-06-17T16:31:01","guid":{"rendered":"https:\/\/colorhistoire.com\/?page_id=57"},"modified":"2024-06-21T22:31:27","modified_gmt":"2024-06-21T20:31:27","slug":"couleurs","status":"publish","type":"page","link":"https:\/\/colorhistoire.com\/index.php\/couleurs\/","title":{"rendered":"Couleurs"},"content":{"rendered":"\n<p>Nos partenaires documentalistes et historiens r\u00e9alisent un travail tr\u00e8s approfondi dans la recherche des couleurs du pass\u00e9.<\/p>\n\n\n\n<figure class=\"wp-block-gallery has-nested-images columns-default is-cropped wp-block-gallery-1 is-layout-flex wp-block-gallery-is-layout-flex\">\n<figure class=\"wp-block-image size-large\"><img loading=\"lazy\" decoding=\"async\" width=\"1024\" height=\"573\" data-id=\"237\" src=\"https:\/\/colorhistoire.com\/wp-content\/uploads\/2024\/06\/Capture-decran-2024-06-14-114219-1024x573.jpg\" alt=\"Travail de recherche de couleurs sur la premi\u00e8re guerre mondiale\" class=\"wp-image-237\" srcset=\"https:\/\/colorhistoire.com\/wp-content\/uploads\/2024\/06\/Capture-decran-2024-06-14-114219-1024x573.jpg 1024w, https:\/\/colorhistoire.com\/wp-content\/uploads\/2024\/06\/Capture-decran-2024-06-14-114219-300x168.jpg 300w, https:\/\/colorhistoire.com\/wp-content\/uploads\/2024\/06\/Capture-decran-2024-06-14-114219-768x429.jpg 768w, https:\/\/colorhistoire.com\/wp-content\/uploads\/2024\/06\/Capture-decran-2024-06-14-114219-350x197.jpg 350w, https:\/\/colorhistoire.com\/wp-content\/uploads\/2024\/06\/Capture-decran-2024-06-14-114219.jpg 1098w\" sizes=\"auto, (max-width: 1024px) 100vw, 1024px\" \/><\/figure>\n<\/figure>\n\n\n\n<p>Ils peuvent effectuer leurs recherches sur des archives du monde entier !<\/p>\n\n\n\n<figure class=\"wp-block-gallery has-nested-images columns-default is-cropped wp-block-gallery-2 is-layout-flex wp-block-gallery-is-layout-flex\">\n<figure class=\"wp-block-image size-large\"><img loading=\"lazy\" decoding=\"async\" width=\"1024\" height=\"768\" data-id=\"249\" src=\"https:\/\/colorhistoire.com\/wp-content\/uploads\/2024\/06\/Archives-couleur-1024x768.jpg\" alt=\"Recherche archives\" class=\"wp-image-249\" srcset=\"https:\/\/colorhistoire.com\/wp-content\/uploads\/2024\/06\/Archives-couleur-1024x768.jpg 1024w, https:\/\/colorhistoire.com\/wp-content\/uploads\/2024\/06\/Archives-couleur-300x225.jpg 300w, https:\/\/colorhistoire.com\/wp-content\/uploads\/2024\/06\/Archives-couleur-768x576.jpg 768w, https:\/\/colorhistoire.com\/wp-content\/uploads\/2024\/06\/Archives-couleur-1536x1152.jpg 1536w, https:\/\/colorhistoire.com\/wp-content\/uploads\/2024\/06\/Archives-couleur.jpg 1920w\" sizes=\"auto, (max-width: 1024px) 100vw, 1024px\" \/><\/figure>\n<\/figure>\n\n\n\n<p>Authenticit\u00e9 des couleurs sur les uniformes, camouflage, m\u00e9dailles, monuments, automobiles, etc\u2026<\/p>\n\n\n<p><a href=\"https:\/\/colorhistoire.com\/index.php\/contact\" class=\"button-devis\">DEVIS<\/a><\/p>","protected":false},"excerpt":{"rendered":"<p>Nos partenaires documentalistes et historiens r\u00e9alisent un travail tr\u00e8s approfondi dans la recherche des couleurs du pass\u00e9. Ils peuvent effectuer leurs recherches sur des archives du monde entier ! Authenticit\u00e9 des couleurs sur les uniformes, camouflage, m\u00e9dailles, monuments, automobiles, etc\u2026 DEVIS<\/p>\n","protected":false},"author":1,"featured_media":0,"parent":0,"menu_order":0,"comment_status":"closed","ping_status":"closed","template":"","meta":{"_monsterinsights_skip_tracking":false,"_monsterinsights_sitenote_active":false,"_monsterinsights_sitenote_note":"","_monsterinsights_sitenote_category":0,"footnotes":""},"class_list":["post-57","page","type-page","status-publish","hentry"],"aioseo_notices":[],"_links":{"self":[{"href":"https:\/\/colorhistoire.com\/index.php\/wp-json\/wp\/v2\/pages\/57","targetHints":{"allow":["GET"]}}],"collection":[{"href":"https:\/\/colorhistoire.com\/index.php\/wp-json\/wp\/v2\/pages"}],"about":[{"href":"https:\/\/colorhistoire.com\/index.php\/wp-json\/wp\/v2\/types\/page"}],"author":[{"embeddable":true,"href":"https:\/\/colorhistoire.com\/index.php\/wp-json\/wp\/v2\/users\/1"}],"replies":[{"embeddable":true,"href":"https:\/\/colorhistoire.com\/index.php\/wp-json\/wp\/v2\/comments?post=57"}],"version-history":[{"count":6,"href":"https:\/\/colorhistoire.com\/index.php\/wp-json\/wp\/v2\/pages\/57\/revisions"}],"predecessor-version":[{"id":250,"href":"https:\/\/colorhistoire.com\/index.php\/wp-json\/wp\/v2\/pages\/57\/revisions\/250"}],"wp:attachment":[{"href":"https:\/\/colorhistoire.com\/index.php\/wp-json\/wp\/v2\/media?parent=57"}],"curies":[{"name":"wp","href":"https:\/\/api.w.org\/{rel}","templated":true}]}}